-3*o + 4*z - 4, 10 = 4*o - 2*z. Suppose 3*a + a - 16 = 0. Let j(x) = x + a + x**o - 4*x + 0*x - 2*x. Calculate j(5).
4
Suppose 12*r = 8*r + 80. Suppose 0*g - 2*g = -r. Let s(a) = 3 - 8*a + g*a - 7*a. Calculate s(2).
-7
Let i(n) = n**2 - 10*n + 7. Suppose -33*w - 64 = -41*w. What is i(w)?
-9
Let m(i) be the first derivative of 25*i**2/2 + 2*i - 159. Determine m(1).
27
Suppose 0 = -5*i + 4 + 1. Let q(p) = -15*p**2 - 10*p - 1. Let u(l) = 2*l - 16*l + 16*l. Let t(r) = q(r) + 5*u(r). Calculate t(i).
-16
Let u be 120/(-21) + (-2)/7. Let y(m) = -m**2 - 6*m. Let n be y(u). Let v(j) = 2 + n - 29*j + 0 + 27*j. What is v(4)?
-6
Let s(c) = 5*c**3 - 5*c**2 - 17*c - 11. Let q(o) = -3*o**3 + 2*o**2 + 9*o + 6. Let b(v) = -2*v + 47. Let l be b(20). Let p(u) = l*q(u) + 4*s(u). Give p(-5).
-2
Let v(t) be the third derivative of -t**6/120 - t**5/15 - t**4/12 + t**3/3 + 4*t**2. Let a be v(-3). Let y(n) = -7*n + 5 + n - 6. What is y(a)?
5
Suppose b = 2*b - 2, 2*n + 4*b = 0. Suppose -3*o + 3 = -0*s + 2*s, -5*o - 5*s = 0. Let f(a) = -6 + 2 + 2 + o*a. What is f(n)?
-14
Let i(x) be the second derivative of -x**4/12 + 7*x**3/6 + 3*x**2 + x + 43. What is i(9)?
-12
Let f(b) be the third derivative of -b**6/60 + b**5/60 + 7*b**4/24 - 7*b**2 + 26. Calculate f(3).
-24
Let n = -12 + 5. Let a(m) = -m**3 - 6*m**2 + 5*m - 4. Let x be a(n). Let l = x + -5. Let j(o) = o - 2. What is j(l)?
3
Let m(p) = p**2. Let k(u) = 10*u - 9. Let n be k(4). Let b = -26 + n. Suppose -w + 21 = b*x, 7 = w + x + 2. Determine m(w).
1
Let h(f) be the first derivative of -f**4/4 - 4*f**3 - 11*f**2/2 - 8*f - 32. What is h(-11)?
-8
Let t be (2 - 5) + 0 + 5. Let c(y) be the first derivative of -2/3*y**3 + 4*y - 5/2*y**t - 2 + 1/4*y**4. What is c(3)?
-2
Let i be ((-18)/(-24) - 14/40)*1835. Let u(g) = i*g**2 + 16*g**3 - 734*g**2. Calculate u(-1).
-16
Let z(g) = 11 - g + 9*g + 0*g - 5*g + 6*g - 7*g**2 - g**3. Give z(-8).
3
Let x(h) = h**2 - 11*h + 8. Let y(g) = 2*g**2 + 17*g + 29. Let b be y(-7). Calculate x(b).
-16
Let k(i) = i**2 - 2. Let o(l) = -l**2 - 2*l - 11. Let u be o(-5). Let y = 28 + u. Suppose 0 = 3*j - 2*j - y. Give k(j).
2
Let o be -2 - 13/(13/(-48)). Let v be o/23 + (-18)/2. Let a(f) = -f**3 - 8*f**2 - 7*f - 1. What is a(v)?
-1
Let s(p) be the third derivative of -p**7/840 - p**6/720 + p**5/60 - 5*p**4/24 - 33*p**2. Let i(x) be the second derivative of s(x). Calculate i(2).
-12
Suppose -r + 2*x - x + 1 = 0, 1 = r + 2*x. Let p(i) = 2*i + 1 - 5*i + 3 + 4*i**2 - i**3 + r. Let g = 28 - 24. What is p(g)?
-7
Let t(f) = f**3 + 4*f**2 - 5*f - 3. Let d(l) = -6*l + 2. Let k be d(-3). Suppose m = -3*m - k. Give t(m).
-3
Let g(l) = -l**2 + 6*l - 2. Suppose -61 = -6*t - 25. Let y be (2/t)/(3*(-6)/(-270)). Calculate g(y).
3
Let i(t) = -26*t + 10*t + 9*t - 2 + 18*t. Calculate i(-2).
-24
Let t(h) be the second derivative of -h**5/20 + h**3/6 + 8*h**2 - 3*h. Let b = -1 + 4. Let i be -1 - (b - (-16)/(-4)). Determine t(i).
16
Let r(a) = -6*a - 3. Let x(w) = 4*w + 2. Let t(k) = -5*r(k) - 8*x(k). Suppose 228*g - 110 = 283*g. Calculate t(g).
3
Let q(k) = -12*k - 2. Let l(j) = 3*j**3 - 70*j**2 + 21*j + 48. Let i be l(23). Determine q(i).
-26
Let t be (-4)/6 + (-24)/(-9). Let z(l) = -11*l + 25*l - 6*l - 15*l. Determine z(t).
-14
Let l(v) be the third derivative of 15*v**2 + 1/60*v**5 - 1/24*v**4 + 0*v + 1/2*v**3 + 0. What is l(3)?
9
Let l(t) = -t + 4. Suppose -5 = -3*i + 4. Suppose -4*y - 28 = i*y. Determine l(y).
8
Suppose 2*a = 7*a + 20. Let d(b) = -11*b + 9. Let k(g) = 23*g - 19. Let q(x) = 13*d(x) + 6*k(x). Let z(l) = 9*l - 6. Let y(o) = -7*q(o) - 4*z(o). What is y(a)?
7
Let p(u) = u**2 - 8*u - 6. Let z be 16/10*(-400)/(-80). What is p(z)?
-6
Let s(o) = -1 + 2*o - 2*o**2 - 2*o. Suppose 0 = d + 5*h - 10*h + 11, d - 2*h - 1 = 0. Suppose -3*j - 5*l = -7, -3*j + 2*j + 4*l - d = 0. Give s(j).
-3
Let o(q) be the third derivative of -q**4/6 + 14*q**2. Let l be (1*(-2)/(-4))/(4/8). Calculate o(l).
-4
Suppose 2*d + 0*d + 4*v + 10 = 0, -5*d - 3*v = 25. Let i(f) = -5*f - 16. Let c(b) = 6*b + 17. Let j(w) = d*i(w) - 4*c(w). Give j(-6).
6
Let q(r) = -r**2 + r - 1. Let l(u) = 2*u**2 + 5*u + 8. Let y(s) = l(s) + 3*q(s). Let n(h) = 447*h - 2227. Let t be n(5). What is y(t)?
5
Let o(f) be the third derivative of -f**5/12 + 5*f**4/12 - f**3/2 + 16*f**2. Let i(a) = -4*a**2 + 8*a - 3. Let d(z) = -6*i(z) + 5*o(z). Determine d(4).
-5
Let l(u) be the first derivative of 5*u**3/3 + u**2 - u - 85. Let s be (3 - 3)/(-3) + 1. Calculate l(s).
6
Suppose 2*o = o + 5. Let a(j) be the second derivative of -j**5/20 + j**4/2 - j**3/2 + j**2/2 - 417*j. Give a(o).
11
Let y(w) = -w**2 + 3*w + 3. Suppose 0 = -8*b + 2 + 30. Let i be (5/(-2))/((-2)/b). Determine y(i).
-7
Let u be 37 - (0 - (2 - 4)). Suppose 6*g = -g + u. Let m(t) = -t + 2. What is m(g)?
-3
Let g(o) = -o**3 - 18*o**2 - 15*o + 2. Suppose c - 81 = 5*a, -a + 15*c - 19*c - 33 = 0. Give g(a).
-32
Let t(m) = m**3 + 6*m**2 - 2*m - 21*m**2 + 1 + 11*m**2 + 12*m**2. What is t(-8)?
17
Let f(v) be the third derivative of v**4/12 + 2*v**2 - 12. What is f(11)?
22
Let f(w) be the third derivative of -w**4/4 + 3*w**3/2 + 4*w**2 + 74*w. What is f(6)?
-27
Let c = 8 - 3. Suppose -15 = -c*o - 0*o. Let x(n) = 0*n - 2*n**2 + n + 2*n + o. Give x(3).
-6
Let y(j) = 10*j**3 + j + 1. Let f(s) be the second derivative of -s + 0 + 1/6*s**4 + 11/6*s**3 + 2*s**2. Let n be f(-5). Determine y(n).
-10
Let z(c) = c**2 + 7*c. Let m(h) = 2*h + 5. Let t(r) = 2*r**2 - 11*r + 7. Let n be t(4). Let g be m(n). Calculate z(g).
-10
Let d(m) = -161*m + 15. Let u(q) = -135*q + 15. Let v(i) = -5*d(i) + 6*u(i). Give v(8).
-25
Suppose 6*s - s - 25 = 0, 5*s - 70 = -3*h. Suppose -8*y + 3*y + h = 0. Let o(w) = y*w**2 + 6*w**2 + 4*w**2 - 1 - 7*w**2 - 2*w. What is o(-1)?
7
Suppose 0*y + 2*y - 12 = 0. Suppose 2*q = y*q - 32. Let t(k) = -k**3 + 7*k**2 + 8*k + 1. Determine t(q).
1
Let p(s) = -3*s**3 + 14*s**2 + 28. Let n(c) = -2*c**3 + 9*c**2 + 19. Let u(g) = 7*n(g) - 5*p(g). Calculate u(7).
-7
Let l(c) = -c**3 - 5*c**2 + 4*c - 5. Let z(s) = 1 + s**2 + s**2 + 0. Let j be z(1). Suppose -5*p + 2*y - 50 = -2*y, -7 = -j*p - 5*y. Calculate l(p).
7
Let l(i) = -i**2 + 11*i - 30. Let g be l(6). Let o(h) = -h**2 + 2*h - 6. What is o(g)?
-6
Suppose -4*f + 12 = -0*f. Let g(k) = -3*k + 2. Let z(o) = 2*o - 1. Let j(c) = 5*g(c) + 8*z(c). Determine j(f).
5
Let h(s) = s**3 - 7*s**2 + 2*s - 9. Let r(t) = 17*t - 112. Let i be r(7). Determine h(i).
5
Let r(l) be the second derivative of -5*l**3/6 - 17*l**2/2 - 7*l - 3. Determine r(-12).
43
Let v(h) = -9*h**3 - 6*h**2 + 13*h - 1. Let z(u) = 25*u**3 + 18*u**2 - 38*u + 3. Let r(q) = 11*v(q) + 4*z(q). Give r(-7).
15
Let l = 0 - 0. Let z be (2/(-3))/((-2)/9). Let w(h) = h**z + 3 + 395*h - 394*h + 2. Give w(l).
5
Let x(o) = 2*o**2 + 9*o - 8. Suppose -5*a + 37 = -2*v, 5 = -3*v - 3*a + 2. Calculate x(v).
10
Let z(t) = -7*t + 16 - 4*t + 12 + 6*t. Let r be z(5). Let j(q) = -q**3 + 3*q**2 - 1. Determine j(r).
-1
Let m(d) = 5*d**2 - d. Let f(z) = z + 3. Let t be f(-3). Let b be -2 - (-4 - (t + -3)). Let v be m(b). Let j(w) = w**2 - 4*w - 3. What is j(v)?
9
Let k(u) = -u**2 - 6*u + 1. Let i be 8/(-2) - (-8 - 27). Suppose -5*r - 20 = t, 3*r + i = -5*t + r. Determine k(t).
6
Let c(u) = 10*u**2 + u. Let g be ((357/4)/7)/(18/96). Let f = g - 67. Determine c(f).
11
Let o(f) be the second derivative of f**5/24 - f**4/4 + 8*f**3/3 + 29*f. Let d(w) be the second derivative of o(w). Calculate d(4).
14
Let y(n) = -2*n**2 + 19*n - 29. Let j be y(7). Let a(x) = x**2 - 5*x + 6. Give a(j).
12
Let q be (4 - 3) + 1 + 0. Let s(p) = 1. Let b(z) = z**2 - z + 3. Let y be (-2)/6 + (-38)/57. Let m(a) = q*s(a) + y*b(a). What is m(-2)?
-7
Let q(x) = -11*x**2 - 10*x + 66. Let l(s) = -s**2 - s + 8. Let m(u) = -8*l(u) + q(u). What is m(-4)?
-38
Let s(g) = 5*g - 2. Suppose -11*k = -16*k - 15. Let y(h) = -11*h + 5. Let o(j) = k*y(j) - 7*s(j). Determine o(-4).
7
Let n(p) be the first derivative of -p**4/4 + 2*p**3 + 5*p - 318. Suppose 0 = -2*h - 2*h + 24. Calculate n(h).
5
Let t(b) = b + 1. Let q = 660 - 666. Determine t(q).
-5
Let i(n) be the second derivative of n**4/6 - 29*n**3/3 + 51*n**2/2 - 68*n + 2. Calculate i(28).
-5
Suppose -3*y - 4*o = -18, 4*y - o = -5*o + 20. Let x be 1*y/(4/(-10)). Let k(u) = -u**2 - 6*u - 5. What is k(x)?
0
Let f(s) =